{"id":3,"date":"2023-04-11T16:18:58","date_gmt":"2023-04-11T16:18:58","guid":{"rendered":"https:\/\/www.suffritti.it\/?page_id=3"},"modified":"2023-04-11T16:29:30","modified_gmt":"2023-04-11T16:29:30","slug":"privacy-policy","status":"publish","type":"page","link":"https:\/\/www.suffritti.it\/?page_id=3","title":{"rendered":"Privacy Policy"},"content":{"rendered":"\n<h2 class=\"wp-block-heading\">Ragazzi miei , avete le idee confuse<\/h2>\n\n\n\n<p><strong class=\"privacy-policy-tutorial\">Forse se cercate la mia privacy policy qui \u00e8 il caso che ci mettiamo pari su alcune idee<\/strong><\/p>\n\n\n\n<h2 class=\"wp-block-heading\">In primo luogo, Noi non siamo una azienda<\/h2>\n\n\n\n<p>N\u00e8 agiamo come tale, n\u00e8 facciamo soldi col nostro sito, n\u00e8 tanto meno offriamo servizi da cui si ricava una lira.<\/p>\n\n\n\n<p>Quindi se cercate la nostra Privacy Policy sul sito forse \u00e8 il caso che ripassiate l&#8217;articolo 2 del GDPR<\/p>\n\n\n\n<h2 class=\"wp-block-heading\">Articolo 2 RGPD. Ambito di applicazione materiale<\/h2>\n\n\n\n<p><strong>1.<\/strong>&nbsp;Il presente regolamento si applica al trattamento interamente o parzialmente automatizzato di dati personali e al trattamento non automatizzato di dati personali contenuti in un archivio o destinati a figurarvi.<\/p>\n\n\n\n<p><strong>1.<\/strong>&nbsp;This Regulation applies to the&nbsp;processing&nbsp;of&nbsp;personal data&nbsp;wholly or partly by automated means and to the processing other than by automated means of personal data which form part of a filing system or are intended to form part of a filing system.<\/p>\n\n\n\n<p><a href=\"https:\/\/gdpr-text.com\/it\/read\/article-2\/#comment_gdpr-a-02_1\">Commento dell&#8217;esperto&nbsp;<\/a><a href=\"https:\/\/gdpr-text.com\/it\/read\/article-2\/#links_gdpr-a-02_1\">Linee guida e Giurisprudenza&nbsp;<\/a><a href=\"https:\/\/gdpr-text.com\/it\/read\/article-2\/#recital_gdpr-a-02_1\">Considerando&nbsp;<\/a><\/p>\n\n\n\n<p><strong>2.<\/strong>&nbsp;Il presente regolamento non si applica ai trattamenti di dati personali:<\/p>\n\n\n\n<p><strong>2.<\/strong>&nbsp;This Regulation does not apply to the&nbsp;processing&nbsp;of&nbsp;personal data:<\/p>\n\n\n\n<p><a href=\"https:\/\/gdpr-text.com\/it\/read\/article-2\/#para_gdpr-a-02_2a\"><\/a><\/p>\n\n\n\n<p><strong>a)<\/strong>&nbsp;effettuati per attivit\u00e0 che non rientrano nell\u2019ambito di applicazione del diritto dell\u2019Unione;<\/p>\n\n\n\n<p><strong>(a)<\/strong>&nbsp;in the course of an activity which falls outside the scope of Union law;<\/p>\n\n\n\n<p><a href=\"https:\/\/gdpr-text.com\/it\/read\/article-2\/#recital_gdpr-a-02_2a\">Considerando&nbsp;<\/a><\/p>\n\n\n\n<p><strong>b)<\/strong>&nbsp;effettuati dagli Stati membri nell\u2019esercizio di attivit\u00e0 che rientrano nell\u2019ambito di applicazione del titolo V, capo 2, TUE;<\/p>\n\n\n\n<p><strong>(b)<\/strong>&nbsp;by the Member States when carrying out activities which fall within the scope of Chapter&nbsp;2 of Title&nbsp;V of the TEU;<\/p>\n\n\n\n<p><strong>c)<\/strong>&nbsp;effettuati da una persona fisica per l\u2019esercizio di attivit\u00e0 a carattere esclusivamente personale o domestico;<\/p>\n\n\n\n<p><strong>(c)<\/strong>&nbsp;by a natural person in the course of a purely personal or household activity;<\/p>\n\n\n\n<p><a href=\"https:\/\/gdpr-text.com\/it\/read\/article-2\/#links_gdpr-a-02_2c\">Linee guida e Giurisprudenza&nbsp;<\/a><a href=\"https:\/\/gdpr-text.com\/it\/read\/article-2\/#recital_gdpr-a-02_2c\">Considerando&nbsp;<\/a><\/p>\n\n\n\n<p><strong>d)<\/strong>&nbsp;effettuati dalle autorit\u00e0 competenti a fini di prevenzione, indagine, accertamento o perseguimento di reati o esecuzione di sanzioni penali, incluse la salvaguardia contro minacce alla sicurezza pubblica e la prevenzione delle stesse.<\/p>\n\n\n\n<p><strong>(d)<\/strong>&nbsp;by competent authorities for the purposes of the prevention, investigation, detection or prosecution of criminal offences or the execution of criminal penalties, including the safeguarding against and the prevention of threats to public security.<\/p>\n\n\n\n<p><a href=\"https:\/\/gdpr-text.com\/it\/read\/article-2\/#recital_gdpr-a-02_2d\">Considerando&nbsp;<\/a><\/p>\n\n\n\n<h2 class=\"wp-block-heading\">FIGO EH?<\/h2>\n\n\n\n<p><strong class=\"privacy-policy-tutorial\">effettuati da una persona fisica per l\u2019esercizio di attivit\u00e0 a carattere esclusivamente personale o domestico: <\/strong><\/p>\n\n\n\n<p>Ebbene si , \u00e8 il nostro caso. Quindi niente privacy, mi dispiace<\/p>\n\n\n\n<h2 class=\"wp-block-heading\">Anche perch\u00e8 vi riveler\u00f2 un segreto:<br>Non usiamo i vostri dati se non per autotutela<\/h2>\n\n\n\n<p>si, abbiamo sistemi che vi bloccano l&#8217;IP se tentate di sfondarci il sito,<strong class=\"privacy-policy-tutorial\"> <\/strong>sistemi di monitoraggio e backup, i log di sistema ecc. ecc&#8230;<\/p>\n\n\n\n<h2 class=\"wp-block-heading\">Ma nulla di tutto questo viene usato a scopi commerciali di alcun genere<\/h2>\n\n\n\n<p>Per cui mettetevi tranquilli, non ci facciamo i cavoli vostri, voi siete invitati a farvi i nostri in modo limitato<\/p>\n\n\n\n<h2 class=\"wp-block-heading\">Grazie mille e fate i bravi, che sono gi\u00e0 alla seconda volta che mi tocca rimettere mano al sito perch\u00e8 qualcuno ha fatto lo stronzo, ed \u00e8 una noia<\/h2>\n\n\n\n<p>Dai su, ve lo potete immaginare che il sito sia monitorato, sebbene non mi interessi impazzirci sopra.<\/p>\n\n\n\n<p>Quindi veramente, per quanto tempo pensate che possa durare il vostro exploit qui sopra? E cosa vi fruttera? fama e gloria? spazio disco e banda? per quanto? Lo sappiamo tutti che un buco si trova sempre. Se lo trovate non perdo tempo, brucio tutto e ributto su quelle due cazzate su una installazione fresca. bravi bravi clap clap.<\/p>\n\n\n\n<p>Tutto sommato per me \u00e8 un fastidio e nulla pi\u00f9<\/p>\n\n\n\n<p>Voi ci fate la figura dei coglioni<\/p>\n","protected":false},"excerpt":{"rendered":"<p>Ragazzi miei , avete le idee confuse Forse se cercate la mia privacy policy qui \u00e8 il caso che ci mettiamo pari su alcune idee In primo luogo, Noi non &#8230;<\/p>\n","protected":false},"author":1,"featured_media":0,"parent":0,"menu_order":0,"comment_status":"closed","ping_status":"open","template":"","meta":{"footnotes":""},"class_list":["post-3","page","type-page","status-publish","hentry"],"yoast_head":"<!-- This site is optimized with the Yoast SEO plugin v27.5 - https:\/\/yoast.com\/product\/yoast-seo-wordpress\/ -->\n<title>Privacy Policy - Suffritti.it<\/title>\n<meta name=\"robots\" content=\"index, follow, max-snippet:-1, max-image-preview:large, max-video-preview:-1\" \/>\n<link rel=\"canonical\" href=\"https:\/\/www.suffritti.it\/?page_id=3\" \/>\n<meta property=\"og:locale\" content=\"it_IT\" \/>\n<meta property=\"og:type\" content=\"article\" \/>\n<meta property=\"og:title\" content=\"Privacy Policy - Suffritti.it\" \/>\n<meta property=\"og:description\" content=\"Ragazzi miei , avete le idee confuse Forse se cercate la mia privacy policy qui \u00e8 il caso che ci mettiamo pari su alcune idee In primo luogo, Noi non ...\" \/>\n<meta property=\"og:url\" content=\"https:\/\/www.suffritti.it\/?page_id=3\" \/>\n<meta property=\"og:site_name\" content=\"Suffritti.it\" \/>\n<meta property=\"article:modified_time\" content=\"2023-04-11T16:29:30+00:00\" \/>\n<meta name=\"twitter:card\" content=\"summary_large_image\" \/>\n<meta name=\"twitter:label1\" content=\"Tempo di lettura stimato\" \/>\n\t<meta name=\"twitter:data1\" content=\"4 minuti\" \/>\n<script type=\"application\/ld+json\" class=\"yoast-schema-graph\">{\"@context\":\"https:\\\/\\\/schema.org\",\"@graph\":[{\"@type\":\"WebPage\",\"@id\":\"https:\\\/\\\/www.suffritti.it\\\/?page_id=3\",\"url\":\"https:\\\/\\\/www.suffritti.it\\\/?page_id=3\",\"name\":\"Privacy Policy - Suffritti.it\",\"isPartOf\":{\"@id\":\"https:\\\/\\\/www.suffritti.it\\\/#website\"},\"datePublished\":\"2023-04-11T16:18:58+00:00\",\"dateModified\":\"2023-04-11T16:29:30+00:00\",\"breadcrumb\":{\"@id\":\"https:\\\/\\\/www.suffritti.it\\\/?page_id=3#breadcrumb\"},\"inLanguage\":\"it-IT\",\"potentialAction\":[{\"@type\":\"ReadAction\",\"target\":[\"https:\\\/\\\/www.suffritti.it\\\/?page_id=3\"]}]},{\"@type\":\"BreadcrumbList\",\"@id\":\"https:\\\/\\\/www.suffritti.it\\\/?page_id=3#breadcrumb\",\"itemListElement\":[{\"@type\":\"ListItem\",\"position\":1,\"name\":\"Home\",\"item\":\"https:\\\/\\\/www.suffritti.it\\\/\"},{\"@type\":\"ListItem\",\"position\":2,\"name\":\"Privacy Policy\"}]},{\"@type\":\"WebSite\",\"@id\":\"https:\\\/\\\/www.suffritti.it\\\/#website\",\"url\":\"https:\\\/\\\/www.suffritti.it\\\/\",\"name\":\"Suffritti.it\",\"description\":\"la nostra web-casa\",\"publisher\":{\"@id\":\"https:\\\/\\\/www.suffritti.it\\\/#\\\/schema\\\/person\\\/7d2b80cf72d9701c47de6ad671953fce\"},\"potentialAction\":[{\"@type\":\"SearchAction\",\"target\":{\"@type\":\"EntryPoint\",\"urlTemplate\":\"https:\\\/\\\/www.suffritti.it\\\/?s={search_term_string}\"},\"query-input\":{\"@type\":\"PropertyValueSpecification\",\"valueRequired\":true,\"valueName\":\"search_term_string\"}}],\"inLanguage\":\"it-IT\"},{\"@type\":[\"Person\",\"Organization\"],\"@id\":\"https:\\\/\\\/www.suffritti.it\\\/#\\\/schema\\\/person\\\/7d2b80cf72d9701c47de6ad671953fce\",\"name\":\"Pietro Suffritti\",\"image\":{\"@type\":\"ImageObject\",\"inLanguage\":\"it-IT\",\"@id\":\"https:\\\/\\\/www.suffritti.it\\\/wp-content\\\/uploads\\\/2023\\\/04\\\/PietroSamuraiSmall.png\",\"url\":\"https:\\\/\\\/www.suffritti.it\\\/wp-content\\\/uploads\\\/2023\\\/04\\\/PietroSamuraiSmall.png\",\"contentUrl\":\"https:\\\/\\\/www.suffritti.it\\\/wp-content\\\/uploads\\\/2023\\\/04\\\/PietroSamuraiSmall.png\",\"width\":500,\"height\":500,\"caption\":\"Pietro Suffritti\"},\"logo\":{\"@id\":\"https:\\\/\\\/www.suffritti.it\\\/wp-content\\\/uploads\\\/2023\\\/04\\\/PietroSamuraiSmall.png\"},\"sameAs\":[\"https:\\\/\\\/www.suffritti.it\"]}]}<\/script>\n<!-- \/ Yoast SEO plugin. -->","yoast_head_json":{"title":"Privacy Policy - Suffritti.it","robots":{"index":"index","follow":"follow","max-snippet":"max-snippet:-1","max-image-preview":"max-image-preview:large","max-video-preview":"max-video-preview:-1"},"canonical":"https:\/\/www.suffritti.it\/?page_id=3","og_locale":"it_IT","og_type":"article","og_title":"Privacy Policy - Suffritti.it","og_description":"Ragazzi miei , avete le idee confuse Forse se cercate la mia privacy policy qui \u00e8 il caso che ci mettiamo pari su alcune idee In primo luogo, Noi non ...","og_url":"https:\/\/www.suffritti.it\/?page_id=3","og_site_name":"Suffritti.it","article_modified_time":"2023-04-11T16:29:30+00:00","twitter_card":"summary_large_image","twitter_misc":{"Tempo di lettura stimato":"4 minuti"},"schema":{"@context":"https:\/\/schema.org","@graph":[{"@type":"WebPage","@id":"https:\/\/www.suffritti.it\/?page_id=3","url":"https:\/\/www.suffritti.it\/?page_id=3","name":"Privacy Policy - Suffritti.it","isPartOf":{"@id":"https:\/\/www.suffritti.it\/#website"},"datePublished":"2023-04-11T16:18:58+00:00","dateModified":"2023-04-11T16:29:30+00:00","breadcrumb":{"@id":"https:\/\/www.suffritti.it\/?page_id=3#breadcrumb"},"inLanguage":"it-IT","potentialAction":[{"@type":"ReadAction","target":["https:\/\/www.suffritti.it\/?page_id=3"]}]},{"@type":"BreadcrumbList","@id":"https:\/\/www.suffritti.it\/?page_id=3#breadcrumb","itemListElement":[{"@type":"ListItem","position":1,"name":"Home","item":"https:\/\/www.suffritti.it\/"},{"@type":"ListItem","position":2,"name":"Privacy Policy"}]},{"@type":"WebSite","@id":"https:\/\/www.suffritti.it\/#website","url":"https:\/\/www.suffritti.it\/","name":"Suffritti.it","description":"la nostra web-casa","publisher":{"@id":"https:\/\/www.suffritti.it\/#\/schema\/person\/7d2b80cf72d9701c47de6ad671953fce"},"potentialAction":[{"@type":"SearchAction","target":{"@type":"EntryPoint","urlTemplate":"https:\/\/www.suffritti.it\/?s={search_term_string}"},"query-input":{"@type":"PropertyValueSpecification","valueRequired":true,"valueName":"search_term_string"}}],"inLanguage":"it-IT"},{"@type":["Person","Organization"],"@id":"https:\/\/www.suffritti.it\/#\/schema\/person\/7d2b80cf72d9701c47de6ad671953fce","name":"Pietro Suffritti","image":{"@type":"ImageObject","inLanguage":"it-IT","@id":"https:\/\/www.suffritti.it\/wp-content\/uploads\/2023\/04\/PietroSamuraiSmall.png","url":"https:\/\/www.suffritti.it\/wp-content\/uploads\/2023\/04\/PietroSamuraiSmall.png","contentUrl":"https:\/\/www.suffritti.it\/wp-content\/uploads\/2023\/04\/PietroSamuraiSmall.png","width":500,"height":500,"caption":"Pietro Suffritti"},"logo":{"@id":"https:\/\/www.suffritti.it\/wp-content\/uploads\/2023\/04\/PietroSamuraiSmall.png"},"sameAs":["https:\/\/www.suffritti.it"]}]}},"_links":{"self":[{"href":"https:\/\/www.suffritti.it\/index.php?rest_route=\/wp\/v2\/pages\/3","targetHints":{"allow":["GET"]}}],"collection":[{"href":"https:\/\/www.suffritti.it\/index.php?rest_route=\/wp\/v2\/pages"}],"about":[{"href":"https:\/\/www.suffritti.it\/index.php?rest_route=\/wp\/v2\/types\/page"}],"author":[{"embeddable":true,"href":"https:\/\/www.suffritti.it\/index.php?rest_route=\/wp\/v2\/users\/1"}],"replies":[{"embeddable":true,"href":"https:\/\/www.suffritti.it\/index.php?rest_route=%2Fwp%2Fv2%2Fcomments&post=3"}],"version-history":[{"count":1,"href":"https:\/\/www.suffritti.it\/index.php?rest_route=\/wp\/v2\/pages\/3\/revisions"}],"predecessor-version":[{"id":11,"href":"https:\/\/www.suffritti.it\/index.php?rest_route=\/wp\/v2\/pages\/3\/revisions\/11"}],"wp:attachment":[{"href":"https:\/\/www.suffritti.it\/index.php?rest_route=%2Fwp%2Fv2%2Fmedia&parent=3"}],"curies":[{"name":"wp","href":"https:\/\/api.w.org\/{rel}","templated":true}]}}

<h2 class="wp-block-heading">Ragazzi miei , avete le idee confuse</h2>



<p><strong class="privacy-policy-tutorial">Forse se cercate la mia privacy policy qui è il caso che ci mettiamo pari su alcune idee</strong></p>



<h2 class="wp-block-heading">In primo luogo, Noi non siamo una azienda</h2>



<p>Nè agiamo come tale, nè facciamo soldi col nostro sito, nè tanto meno offriamo servizi da cui si ricava una lira.</p>



<p>Quindi se cercate la nostra Privacy Policy sul sito forse è il caso che ripassiate l&#8217;articolo 2 del GDPR</p>



<h2 class="wp-block-heading">Articolo 2 RGPD. Ambito di applicazione materiale</h2>



<p><strong>1.</strong>&nbsp;Il presente regolamento si applica al trattamento interamente o parzialmente automatizzato di dati personali e al trattamento non automatizzato di dati personali contenuti in un archivio o destinati a figurarvi.</p>



<p><strong>1.</strong>&nbsp;This Regulation applies to the&nbsp;processing&nbsp;of&nbsp;personal data&nbsp;wholly or partly by automated means and to the processing other than by automated means of personal data which form part of a filing system or are intended to form part of a filing system.</p>



<p><a href="https://gdpr-text.com/it/read/article-2/#comment_gdpr-a-02_1">Commento dell&#8217;esperto&nbsp;</a><a href="https://gdpr-text.com/it/read/article-2/#links_gdpr-a-02_1">Linee guida e Giurisprudenza&nbsp;</a><a href="https://gdpr-text.com/it/read/article-2/#recital_gdpr-a-02_1">Considerando&nbsp;</a></p>



<p><strong>2.</strong>&nbsp;Il presente regolamento non si applica ai trattamenti di dati personali:</p>



<p><strong>2.</strong>&nbsp;This Regulation does not apply to the&nbsp;processing&nbsp;of&nbsp;personal data:</p>



<p><a href="https://gdpr-text.com/it/read/article-2/#para_gdpr-a-02_2a"></a></p>



<p><strong>a)</strong>&nbsp;effettuati per attività che non rientrano nell’ambito di applicazione del diritto dell’Unione;</p>



<p><strong>(a)</strong>&nbsp;in the course of an activity which falls outside the scope of Union law;</p>



<p><a href="https://gdpr-text.com/it/read/article-2/#recital_gdpr-a-02_2a">Considerando&nbsp;</a></p>



<p><strong>b)</strong>&nbsp;effettuati dagli Stati membri nell’esercizio di attività che rientrano nell’ambito di applicazione del titolo V, capo 2, TUE;</p>



<p><strong>(b)</strong>&nbsp;by the Member States when carrying out activities which fall within the scope of Chapter&nbsp;2 of Title&nbsp;V of the TEU;</p>



<p><strong>c)</strong>&nbsp;effettuati da una persona fisica per l’esercizio di attività a carattere esclusivamente personale o domestico;</p>



<p><strong>(c)</strong>&nbsp;by a natural person in the course of a purely personal or household activity;</p>



<p><a href="https://gdpr-text.com/it/read/article-2/#links_gdpr-a-02_2c">Linee guida e Giurisprudenza&nbsp;</a><a href="https://gdpr-text.com/it/read/article-2/#recital_gdpr-a-02_2c">Considerando&nbsp;</a></p>



<p><strong>d)</strong>&nbsp;effettuati dalle autorità competenti a fini di prevenzione, indagine, accertamento o perseguimento di reati o esecuzione di sanzioni penali, incluse la salvaguardia contro minacce alla sicurezza pubblica e la prevenzione delle stesse.</p>



<p><strong>(d)</strong>&nbsp;by competent authorities for the purposes of the prevention, investigation, detection or prosecution of criminal offences or the execution of criminal penalties, including the safeguarding against and the prevention of threats to public security.</p>



<p><a href="https://gdpr-text.com/it/read/article-2/#recital_gdpr-a-02_2d">Considerando&nbsp;</a></p>



<h2 class="wp-block-heading">FIGO EH?</h2>



<p><strong class="privacy-policy-tutorial">effettuati da una persona fisica per l’esercizio di attività a carattere esclusivamente personale o domestico: </strong></p>



<p>Ebbene si , è il nostro caso. Quindi niente privacy, mi dispiace</p>



<h2 class="wp-block-heading">Anche perchè vi rivelerò un segreto:<br>Non usiamo i vostri dati se non per autotutela</h2>



<p>si, abbiamo sistemi che vi bloccano l&#8217;IP se tentate di sfondarci il sito,<strong class="privacy-policy-tutorial"> </strong>sistemi di monitoraggio e backup, i log di sistema ecc. ecc&#8230;</p>



<h2 class="wp-block-heading">Ma nulla di tutto questo viene usato a scopi commerciali di alcun genere</h2>



<p>Per cui mettetevi tranquilli, non ci facciamo i cavoli vostri, voi siete invitati a farvi i nostri in modo limitato</p>



<h2 class="wp-block-heading">Grazie mille e fate i bravi, che sono già alla seconda volta che mi tocca rimettere mano al sito perchè qualcuno ha fatto lo stronzo, ed è una noia</h2>



<p>Dai su, ve lo potete immaginare che il sito sia monitorato, sebbene non mi interessi impazzirci sopra.</p>



<p>Quindi veramente, per quanto tempo pensate che possa durare il vostro exploit qui sopra? E cosa vi fruttera? fama e gloria? spazio disco e banda? per quanto? Lo sappiamo tutti che un buco si trova sempre. Se lo trovate non perdo tempo, brucio tutto e ributto su quelle due cazzate su una installazione fresca. bravi bravi clap clap.</p>



<p>Tutto sommato per me è un fastidio e nulla più</p>



<p>Voi ci fate la figura dei coglioni</p>

<p>Ragazzi miei , avete le idee confuse Forse se cercate la mia privacy policy qui è il caso che ci mettiamo pari su alcune idee In primo luogo, Noi non &#8230;</p>

<!-- This site is optimized with the Yoast SEO plugin v27.5 - https://yoast.com/product/yoast-seo-wordpress/ -->
<title>Privacy Policy - Suffritti.it</title>
<meta name="robots" content="index, follow, max-snippet:-1, max-image-preview:large, max-video-preview:-1" />
<link rel="canonical" href="https://www.suffritti.it/?page_id=3" />
<meta property="og:locale" content="it_IT" />
<meta property="og:type" content="article" />
<meta property="og:title" content="Privacy Policy - Suffritti.it" />
<meta property="og:description" content="Ragazzi miei , avete le idee confuse Forse se cercate la mia privacy policy qui è il caso che ci mettiamo pari su alcune idee In primo luogo, Noi non ..." />
<meta property="og:url" content="https://www.suffritti.it/?page_id=3" />
<meta property="og:site_name" content="Suffritti.it" />
<meta property="article:modified_time" content="2023-04-11T16:29:30+00:00" />
<meta name="twitter:card" content="summary_large_image" />
<meta name="twitter:label1" content="Tempo di lettura stimato" />
	<meta name="twitter:data1" content="4 minuti" />
<script type="application/ld+json" class="yoast-schema-graph">{"@context":"https:\/\/schema.org","@graph":[{"@type":"WebPage","@id":"https:\/\/www.suffritti.it\/?page_id=3","url":"https:\/\/www.suffritti.it\/?page_id=3","name":"Privacy Policy - Suffritti.it","isPartOf":{"@id":"https:\/\/www.suffritti.it\/#website"},"datePublished":"2023-04-11T16:18:58+00:00","dateModified":"2023-04-11T16:29:30+00:00","breadcrumb":{"@id":"https:\/\/www.suffritti.it\/?page_id=3#breadcrumb"},"inLanguage":"it-IT","potentialAction":[{"@type":"ReadAction","target":["https:\/\/www.suffritti.it\/?page_id=3"]}]},{"@type":"BreadcrumbList","@id":"https:\/\/www.suffritti.it\/?page_id=3#breadcrumb","itemListElement":[{"@type":"ListItem","position":1,"name":"Home","item":"https:\/\/www.suffritti.it\/"},{"@type":"ListItem","position":2,"name":"Privacy Policy"}]},{"@type":"WebSite","@id":"https:\/\/www.suffritti.it\/#website","url":"https:\/\/www.suffritti.it\/","name":"Suffritti.it","description":"la nostra web-casa","publisher":{"@id":"https:\/\/www.suffritti.it\/#\/schema\/person\/7d2b80cf72d9701c47de6ad671953fce"},"potentialAction":[{"@type":"SearchAction","target":{"@type":"EntryPoint","urlTemplate":"https:\/\/www.suffritti.it\/?s={search_term_string}"},"query-input":{"@type":"PropertyValueSpecification","valueRequired":true,"valueName":"search_term_string"}}],"inLanguage":"it-IT"},{"@type":["Person","Organization"],"@id":"https:\/\/www.suffritti.it\/#\/schema\/person\/7d2b80cf72d9701c47de6ad671953fce","name":"Pietro Suffritti","image":{"@type":"ImageObject","inLanguage":"it-IT","@id":"https:\/\/www.suffritti.it\/wp-content\/uploads\/2023\/04\/PietroSamuraiSmall.png","url":"https:\/\/www.suffritti.it\/wp-content\/uploads\/2023\/04\/PietroSamuraiSmall.png","contentUrl":"https:\/\/www.suffritti.it\/wp-content\/uploads\/2023\/04\/PietroSamuraiSmall.png","width":500,"height":500,"caption":"Pietro Suffritti"},"logo":{"@id":"https:\/\/www.suffritti.it\/wp-content\/uploads\/2023\/04\/PietroSamuraiSmall.png"},"sameAs":["https:\/\/www.suffritti.it"]}]}</script>
<!-- / Yoast SEO plugin. -->

Ragazzi miei , avete le idee confuse Forse se cercate la mia privacy policy qui è il caso che ci mettiamo pari su alcune idee In primo luogo, Noi non ...
